
False
Is 45 a factor of 2070?
True
Does 6 divide 6042?
True
Does 19 divide 5885?
False
Does 54 divide 1674?
True
Is 6 a factor of 1536?
True
Is 11 a factor of 3443?
True
Is 278 a multiple of 4?
False
Is 35387 a multiple of 82?
False
Is 3 a factor of 178?
False
Is 3 a factor of 470?
False
Does 42 divide 55398?
True
Does 4 divide 1753?
False
Does 114 divide 3876?
True
Is 29512 a multiple of 56?
True
Does 38 divide 1822?
False
Is 63 a factor of 29043?
True
Does 35 divide 5497?
False
Does 52 divide 988?
True
Is 895 a multiple of 8?
False
Is 1970 a multiple of 14?
False
Is 273 a multiple of 34?
False
Is 4666 a multiple of 66?
False
Does 19 divide 779?
True
Does 23 divide 276?
True
Is 1385 a multiple of 3?
False
Is 74490 a multiple of 195?
True
Is 13728 a multiple of 66?
True
Is 253 a multiple of 23?
True
Is 66961 a multiple of 182?
False
Is 1650 a multiple of 50?
True
Is 69601 a multiple of 163?
True
Is 364 a factor of 74545?
False
Is 17 a factor of 81906?
True
Is 15 a factor of 1301?
False
Is 6 a factor of 2114?
False
Is 9 a factor of 56432?
False
Is 323 a multiple of 15?
False
Is 25 a factor of 445?
False
Does 70 divide 58669?
False
Is 686 a multiple of 14?
True
Is 49 a factor of 147?
True
Is 66332 a multiple of 23?
True
Does 109 divide 7521?
True
Is 3402 a multiple of 14?
True
Is 4 a factor of 59?
False
Does 81 divide 19764?
True
Is 2096 a multiple of 16?
True
Is 464 a multiple of 16?
True
Is 6311 a multiple of 6?
False
Is 3072 a multiple of 48?
True
Is 120 a multiple of 23?
False
Is 7 a factor of 1270?
False
Is 270 a multiple of 18?
True
Is 4808 a multiple of 4?
True
Is 103684 a multiple of 16?
False
Does 27 divide 3770?
False
Is 14 a factor of 6790?
True
Is 32760 a multiple of 168?
True
Does 13 divide 986?
False
Is 26965 a multiple of 25?
False
Does 61 divide 11163?
True
Is 5800 a multiple of 5?
True
Is 3502 a multiple of 34?
True
Is 17718 a multiple of 15?
False
Is 67 a factor of 45493?
True
Is 93 a factor of 28365?
True
Is 8 a factor of 29025?
False
Does 14 divide 51016?
True
Is 280 a multiple of 70?
True
Does 17 divide 436?
False
Does 22 divide 3440?
False
Does 19 divide 665?
True
Does 3 divide 26117?
False
Is 3 a factor of 391?
False
Does 17 divide 59687?
True
Is 19368 a multiple of 21?
False
Does 87 divide 1133?
False
Is 11926 a multiple of 89?
True
Is 839 a multiple of 115?
False
Is 15 a factor of 34440?
True
Is 16 a factor of 739?
False
Is 568 a multiple of 12?
False
Does 20 divide 74202?
False
Does 9 divide 2637?
True
Is 19 a factor of 1843?
True
Does 5 divide 7692?
False
Does 17 divide 25620?
False
Is 2698 a multiple of 38?
True
Does 23 divide 1108?
False
Is 23 a factor of 334?
False
Is 55 a factor of 398?
False
Is 39 a factor of 2262?
True
Is 2902 a multiple of 33?
False
Is 71 a factor of 6532?
True
Does 194 divide 6437?
False
Is 11 a factor of 12?
False
Is 12 a factor of 6624?
True
Is 73 a factor of 14759?
False
Is 8 a factor of 22376?
True
Does 12 divide 61?
False
Does 43 divide 780?
False
Is 9383 a multiple of 32?
False
Is 43 a factor of 24725?
True
Is 1284 a multiple of 37?
False
Is 190 a multiple of 5?
True
Does 5 divide 100?
True
Does 32 divide 3460?
False
Is 5070 a multiple of 10?
True
Is 5598 a multiple of 9?
True
Does 15 divide 6578?
False
Is 290 a multiple of 5?
True
Is 4392 a multiple of 5?
False
Is 14 a factor of 70?
True
Is 13 a factor of 14429?
False
Does 6 divide 1464?
True
Is 8763 a multiple of 127?
True
Is 61 a multiple of 61?
True
Does 35 divide 3605?
True
Is 44067 a multiple of 5?
False
Does 70 divide 140?
True
Does 6 divide 352?
False
Is 53 a factor of 743?
False
Does 71 divide 1929?
False
Does 28 divide 9093?
False
Does 46 divide 1196?
True
Is 1674 a multiple of 62?
True
Is 76 a factor of 3420?
True
Is 124 a multiple of 21?
False
Is 282 a multiple of 19?
False
Is 61 a factor of 9333?
True
Does 268 divide 34557?
False
Is 12 a factor of 25593?
False
Does 8 divide 8120?
True
Is 15 a factor of 5249?
False
Is 32 a factor of 50240?
True
Does 52 divide 687?
False
Is 594 a multiple of 7?
False
Is 321 a multiple of 13?
False
Is 22236 a multiple of 204?
True
Does 13 divide 22123?
False
Is 12 a multiple of 6?
True
Is 44 a factor of 20504?
True
Is 6 a factor of 298?
False
Is 5 a factor of 1851?
False
Is 19 a factor of 95?
True
Is 17 a factor of 34?
True
Is 30 a factor of 14580?
True
Is 55711 a multiple of 31?
False
Is 7515 a multiple of 5?
True
Does 26 divide 525?
False
Is 193 a multiple of 7?
False
Is 6 a factor of 1521?
False
Is 509 a multiple of 28?
False
Is 16 a factor of 2917?
False
Is 1386 a multiple of 18?
True
Does 13 divide 118?
False
Does 121 divide 12901?
False
Is 16 a factor of 38800?
True
Does 4 divide 4218?
False
Does 17 divide 1190?
True
Is 8058 a multiple of 20?
False
Does 4 divide 164?
True
Is 28080 a multiple of 27?
True
Does 14 divide 2006?
False
Does 20 divide 10900?
True
Does 35 divide 1155?
True
Does 3 divide 1502?
False
Does 7 divide 2156?
True
Is 113 a multiple of 6?
False
Does 11 divide 2473?
False
Is 3566 a multiple of 11?
False
Is 12 a factor of 59364?
True
Is 30 a factor of 1200?
True
Does 16 divide 176?
True
Does 150 divide 6600?
True
Does 171 divide 53407?
False
Does 15 divide 945?
True
Is 19092 a multiple of 37?
True
Does 17 divide 40785?
False
Is 73 a factor of 261?
False
Is 32256 a multiple of 14?
True
Is 7 a factor of 743?
False
Is 10 a factor of 301?
False
Is 4005 a multiple of 16?
False
Does 61 divide 1230?
False
Is 5 a factor of 1460?
True
Does 24 divide 528?
True
Is 3353 a multiple of 2?
False
Is 1120 a multiple of 32?
True
Is 28 a factor of 1680?
True
Does 114 divide 3078?
True
Is 53714 a multiple of 251?
True
Does 31 divide 8804?
True
Does 4 divide 656?
True
Is 43867 a multiple of 50?
False
Is 14456 a multiple of 52?
True
Is 6 a factor of 68?
False
Is 7 a factor of 532?
True
Does 10 divide 18252?
False
Does 17 divide 318?
False
Is 29 a factor of 3045?
True
Is 93 a factor of 60729?
True
Is 88 a factor of 14997?
False
Does 191 divide 42668?
False
Is 71 a factor of 491?
False
Does 89 divide 12370?
False
Is 5 a factor of 7645?
True
Does 11 divide 1376?
False
Is 3 a factor of 1071?
True
Is 7 a factor of 328?
False
Does 13 divide 146?
False
Is 16 a factor of 4162?
False
Does 9 divide 364?
False
Is 191 a multiple of 62?
False
Is 3648 a multiple of 12?
True
Does 6 divide 5592?
True
Is 22980 a multiple of 5?
True
Is 36 a factor of 432?
True
Is 16 a factor of 1000?
False
Does 27 divide 39258?
True
Is 13 a factor of 4699?
False
Is 29133 a multiple of 83?
True
Is 33 a factor of 21186?
True
Does 28 divide 90137?
False
Does 45 divide 10585?
False
Does 16 divide 320?
True
Does 4 divide 66?
False
Is 14448 a multiple of 24?
True
Is 780 a multiple of 12?
True
Is 28 a factor of 784?
True
Does 6 divide 4002?
True
Does 7 divide 28091?
True
Does 24 divide 3720?
True
Does 24 divide 55?
False
Does 10 divide 1010?
True
Is 55 a factor of 77418?
False
Is 42848 a multiple of 13?
True
Is 38 a factor of 1508?
False
Is 177 a factor of 20591?
False
Is 1432 a multiple of 63?
False
Is 2583 a multiple of 173?
False
Does 32 divide 288?
True
Is 34 a factor of 578?
True
Does 19 divide 2287?
False
Does 12 divide 24037?
False
Is 607 a multiple of 10?
False
Is 9 a factor of 2094?
False
Is 194 a factor of 17266?
True
Is 1160 even?
True
Is 115 a multiple of 39?
False
Is 18117 a multiple of 18?
False
Does 56 divide 288?
False
Does 12 divide 228?
True
Is 22104 a multiple of 8?
True
Is 4623 a multiple of 62?
False
Is 112 a factor of 6953?
False
Is 13 a factor of 17990?
False
Is 34 a factor of 22100?
True
Is 47196 a multiple of 46?
True
Is 3910 a multiple of 115?
True
Does 15 divide 18830?
False
Is 67 a factor of 83191?
False
Is 775 a multiple of 23?
False
Does 65 divide 45350?
False
Is 1728 a multiple of 109?
False
Is 35 a factor of 2094?
False
Does 25 divide 105076?
False
Is 2 a factor of 101?
False
Is 27 a multiple of 3?
True
Does 154 divide 8418?
False
Is 414 a multiple of 18?
True
Does 47 divide 846?
True
Does 16 divide 861?
False
Does 18 divide 9041?
False
Is 347 a factor of 16573?
False
Is 12 a factor of 2297?
False
Is 42 a factor of 34463?
False
Does 97 divide 3589?
True
Is 145 a factor of 84337?
False
Is 118 a factor of 48487?
False
Does 210 divide 85680?
True
Does 22 divide 260?
False
Is 963 a multiple of 14?
False
